 1572 is divided by 122.
108
Calculate the remainder when 27394 is divided by 335.
259
What is the remainder when 5207 is divided by 86?
47
What is the remainder when 489605 is divided by 196?
193
Calculate the remainder when 275 is divided by 44.
11
What is the remainder when 771115 is divided by 1260?
1255
What is the remainder when 4741 is divided by 2215?
311
What is the remainder when 2129357 is divided by 80?
77
Calculate the remainder when 67981 is divided by 16992.
13
What is the remainder when 104825 is divided by 17469?
11
What is the remainder when 2053514 is divided by 772?
766
Calculate the remainder when 133702 is divided by 14853.
25
What is the remainder when 1838 is divided by 862?
114
What is the remainder when 715215 is divided by 27?
12
What is the remainder when 310559 is divided by 40?
39
Calculate the remainder when 5949 is divided by 158.
103
Calculate the remainder when 4408 is divided by 737.
723
What is the remainder when 46987 is divided by 9?
7
What is the remainder when 1476 is divided by 201?
69
Calculate the remainder when 4954864 is divided by 1651621.
1
What is the remainder when 32467 is divided by 926?
57
Calculate the remainder when 4136 is divided by 146.
48
Calculate the remainder when 21087 is divided by 1171.
9
Calculate the remainder when 3452 is divided by 770.
372
What is the remainder when 2847 is divided by 238?
229
What is the remainder when 907392 is divided by 322?
318
Calculate the remainder when 452 is divided by 51.
44
What is the remainder when 804311 is divided by 24?
23
Calculate the remainder when 139113 is divided by 60.
33
What is the remainder when 31638 is divided by 184?
174
Calculate the remainder when 81497 is divided by 50.
47
What is the remainder when 788575 is divided by 65713?
19
What is the remainder when 10729 is divided by 75?
4
Calculate the remainder when 7024 is divided by 185.
179
What is the remainder when 1497 is divided by 581?
335
What is the remainder when 7308 is divided by 292?
8
What is the remainder when 437079 is divided by 244?
75
What is the remainder when 207287 is divided by 72?
71
Calculate the remainder when 628678 is divided by 169.
167
What is the remainder when 2658 is divided by 1325?
8
What is the remainder when 912 is divided by 8?
0
What is the remainder when 807 is divided by 262?
21
What is the remainder when 2851 is divided by 177?
19
Calculate the remainder when 326965 is divided by 19.
13
Calculate the remainder when 2901 is divided by 2635.
266
Calculate the remainder when 40054 is divided by 636.
622
What is the remainder when 10625 is divided by 1770?
5
What is the remainder when 51924 is divided by 17?
6
What is the remainder when 24429 is divided by 611?
600
Calculate the remainder when 7457 is divided by 2446.
119
Calculate the remainder when 89630 is divided by 433.
432
What is the remainder when 87650 is divided by 105?
80
Calculate the remainder when 3616 is divided by 52.
28
Calculate the remainder when 1319847 is divided by 25.
22
What is the remainder when 82163 is divided by 171?
83
Calculate the remainder when 9305 is divided by 467.
432
Calculate the remainder when 210669 is divided by 336.
333
Calculate the remainder when 236471 is divided by 334.
333
Calculate the remainder when 1163733 is divided by 252.
249
Calculate the remainder when 5440 is divided by 76.
44
What is the remainder when 5396 is divided by 953?
631
What is the remainder when 15857 is divided by 283?
9
What is the remainder when 54500 is divided by 76?
8
What is the remainder when 482657 is divided by 25?
7
What is the remainder when 305534 is divided by 9258?
20
What is the remainder when 9684 is divided by 27?
18
Calculate the remainder when 8046 is divided by 93.
48
What is the remainder when 243467 is divided by 5662?
1
What is the remainder when 15975 is divided by 5?
0
What is the remainder when 7200 is divided by 3587?
26
What is the remainder when 59762 is divided by 2052?
254
What is the remainder when 249609 is divided by 80?
9
Calculate the remainder when 2934233 is divided by 34.
33
Calculate the remainder when 34657 is divided by 62.
61
Calculate the remainder when 1141 is divided by 186.
25
Calculate the remainder when 7459 is divided by 2465.
64
What is the remainder when 4308667 is divided by 521?
518
What is the remainder when 15391 is divided by 1709?
10
What is the remainder when 17012 is divided by 415?
412
Calculate the remainder when 8689 is divided by 12.
1
What is the remainder when 1105 is divided by 79?
78
What is the remainder when 1984 is divided by 33?
4
What is the remainder when 10511 is divided by 1497?
32
Calculate the remainder when 61183 is divided by 2781.
1
Calculate the remainder when 8569 is divided by 2836.
61
Calculate the remainder when 1989004 is divided by 199.
198
Calculate the remainder when 1444 is divided by 181.
177
Calculate the remainder when 16193285 is divided by 46.
43
Calculate the remainder when 282 is divided by 111.
60
Calculate the remainder when 30663 is divided by 458.
435
What is the remainder when 3312 is divided by 1612?
88
What is the remainder when 12882 is divided by 644?
2
Calculate the remainder when 944199 is divided by 95.
89
Calculate the remainder when 5079 is divided by 2528.
23
What is the remainder when 9556616 is divided by 498?
494
Calculate the remainder when 24366 is divided by 136.
22
Calculate the remainder when 61570 is divided by 855.
10
What is the remainder when 32134 is divided by 130?
24
Calculate the remainder when 12912 is divided by 2577.
27
Calculate the remainder when 25434 is divided by 61.
58
What is the remainder when 36465 is divided by 35?
30
Calculate the remainder when 248 is divided by 178.
70
Calculate the remainder when 57014 is divided by 5.
4
What is the remainder when 3358 is divided by 1553?
252
Calculate the remainder when 1814 is divided by 845.
124
Calculate the remainder when 45956 is divided by 198.
20
Calculate the remainder when 226737 is divided by 7818.
15
What is the remainder when 166 is divided by 44?
34
What is the remainder when 102517 is divided by 25629?
1
What is the remainder when 28707 is divided by 522?
519
Calculate the remainder when 6173202 is divided by 877.
876
What is the remainder when 219313 is divided by 109656?
1
What is the remainder when 168309 is divided by 29?
22
What is the remainder when 62008 is divided by 12399?
13
What is the remainder when 26963 is divided by 397?
364
Calculate the remainder when 14244811 is divided by 209.
207
Calculate the remainder when 702 is divided by 21.
9
What is the remainder when 688605 is divided by 108?
105
What is the remainder when 4119 is divided by 164?
19
Calculate the remainder when 17524 is divided by 138.
136
Calculate the remainder when 923 is divided by 7.
6
Calculate the remainder when 13335 is divided by 443.
45
What is the remainder when 56880 is divided by 238?
236
What is the remainder when 16208 is divided by 14?
10
Calculate the remainder when 199 is divided by 31.
13
Calculate the remainder when 70558 is divided by 336.
334
Calculate the remainder when 35585 is divided by 17790.
5
Calculate the remainder when 21486 is divided by 79.
77
What is the remainder when 4129 is divided by 1680?
769
Calculate the remainder when 178849 is divided by 29.
6
Calculate the remainder when 665506 is divided by 19.
12
Calculate the remainder when 668402 is divided by 9.
8
What is the remainder when 521 is divided by 330?
191
What is the remainder when 8807 is divided by 464?
455
Calculate the remainder when 8844 is divided by 118.
112
Calculate the remainder when 1124225 is divided by 17.
15
What is the remainder when 25654 is divided by 4225?
304
Calculate the remainder when 19704 is divided by 6460.
324
Calculate the remainder when 952270 is divided by 306.
304
What is the remainder when 50614 is divided by 228?
226
What is the remainder when 39411 is divided by 168?
99
Calculate the remainder when 64445 is divided by 8055.
5
Calculate the remainder when 2556 is divided by 2501.
55
What is the remainder when 2053 is divided by 797?
459
What is the remainder when 44017 is divided by 284?
281
Calculate the remainder when 9966 is divided by 267.
87
What is the remainder when 43873